{"id":831,"date":"2022-10-09T14:12:27","date_gmt":"2022-10-09T12:12:27","guid":{"rendered":"http:\/\/nathalieroche-comedienne.com\/?page_id=831"},"modified":"2022-12-04T18:53:55","modified_gmt":"2022-12-04T17:53:55","slug":"qui-suis-je","status":"publish","type":"page","link":"https:\/\/nathalieroche-comedienne.com\/index.php\/qui-suis-je\/","title":{"rendered":"Qui suis-je ?"},"content":{"rendered":"\n<p class=\"has-text-color has-medium-font-size\" style=\"color:#517897\"><strong>Passionn\u00e9e par la voix, les arts audiovisuels et du spectacle, j\u2019aime faire des ponts entre les diff\u00e9rentes \u00ab&nbsp;disciplines&nbsp;\u00bb&nbsp;: com\u00e9dienne, voix off, chanteuse, coach, auteure\u2026<\/strong><\/p>\n\n\n\n<div class=\"wp-block-columns is-layout-flex wp-container-core-columns-is-layout-9d6595d7 wp-block-columns-is-layout-flex\">\n<div class=\"wp-block-column is-layout-flow wp-block-column-is-layout-flow\" style=\"flex-basis:66.66%\">\n<p>J\u2019aime utiliser et pr\u00eater ma voix \u00e0 divers projets, interpr\u00e9ter, transmettre. Ceci s\u2019explique surement par le fait que je sois EEPS, Enfant Entendante n\u00e9e de Parents Sourds, ou plus commun\u00e9ment, je suis ce qu&rsquo;on appelle un CODA (Child Of Deaf Adult). Aux c\u00f4t\u00e9s de mes parents, j&rsquo;ai naturellement grandi, \u00e9volu\u00e9, pris mes rep\u00e8res dans la culture sourde et appris la Langue des Signes Fran\u00e7aise. Mais j&rsquo;ai pu aussi, sans aucune limite, jour et nuit, travailler d\u00e8s le berceau mon organe vocale, ma tessiture, mes tenues de notes&#8230;<\/p>\n\n\n\n<p>Pour m&rsquo;ouvrir au langage, \u00e0 la syntaxe du fran\u00e7ais, mes parents allumaient la t\u00e9l\u00e9vision, et ainsi, me baignaient dans la vari\u00e9t\u00e9, les films, les s\u00e9ries et les pi\u00e8ces de th\u00e9\u00e2tre. C&rsquo;est ainsi qu&rsquo;avec ma sensibilit\u00e9 artistique nous avons grandi. Par la suite j&rsquo;ai pris des cours de chant et de com\u00e9die, au Conservatoire du Val d&rsquo;Oise (Musique, Art Dramatique et Danse), au grand \u00ab&nbsp;bonheur&nbsp;\u00bb de la voisine du dessous qui rythmait mes vocalises et mes tirades en tapant \u00e0 contre-temps sur les tuyaux du chauffage. Gr\u00e2ce \u00e0 elle, j&rsquo;ai compris l&rsquo;importance de la diction, de porter la voix, du choix des mots et de leur musicalit\u00e9. J&rsquo;\u00e9tais d\u00e9termin\u00e9e \u00e0 transmettre et \u00e0 partager&#8230;<\/p>\n\n\n\n<p>J&rsquo;ai donc continu\u00e9 mon chemin au Centre d&rsquo;Art Polyphonique de Paris, puis j&rsquo;ai \u00e9tudi\u00e9 la Musicologie \u00e0 l&rsquo;Universit\u00e9 Paris VIII. J&rsquo;ai particip\u00e9 \u00e0 de nombreux ateliers de jeu d&rsquo;acteurs avec entre autres Viviane Vagh, S\u00e9bastien Bonnabel, de chant et de technique Alexander avec Mich\u00e8le Troise, Ya\u00ebl Benzaquen, Mark Marian, Emily Pello. On a pu m&rsquo;entendre dans diverses \u0153uvres lyriques, dans des com\u00e9dies musicales, des concerts de vari\u00e9t\u00e9 et de jazz ; en parall\u00e8le, me d\u00e9couvrir dans de nombreux r\u00f4les \u00e0 la t\u00e9l\u00e9vision et au cin\u00e9ma (<strong>Capitaine Marleau, Sam, Nina<\/strong>, <strong>Le Brio, Happy Few<\/strong>&#8230;).<\/p>\n\n\n\n<p>Depuis toujours, je suis tr\u00e8s active et participe \u00e0 la diffusion et \u00e0 la sensibilisation dans notre soci\u00e9t\u00e9 de la culture sourde. Des r\u00e9alisateurs, producteurs, artistes me font confiance en me proposant de jouer et de coacher des enfants, des adultes (com\u00e9diens ou non) sourds et entendants dans leurs projets (<strong>La R\u00e9volution, Damien veut changer le monde, Cessez le feu<\/strong>&#8230;).<\/p>\n\n\n\n<p>En 2008, j&rsquo;ai co-\u00e9crit ma premi\u00e8re \u0153uvre musicale \u00ab <strong>Le Chant de Coton \u00bb <\/strong>autour de la diff\u00e9rence et de la Langue des Signes. <\/p>\n\n\n\n<p>Aujourd&rsquo;hui, je poursuis mes activit\u00e9s en tant que com\u00e9dienne dans des films, des s\u00e9ries et des publicit\u00e9s, en tant que voix-off, et en coaching.<\/p>\n<\/div>\n\n\n\n<div class=\"wp-block-column is-layout-flow wp-block-column-is-layout-flow\" style=\"flex-basis:33.33%\">\n<figure class=\"wp-block-image size-large is-resized\"><img loading=\"lazy\" decoding=\"async\" src=\"http:\/\/nathalieroche-comedienne.com\/wp-content\/uploads\/2022\/10\/Nathalie_R_2022-145-683x1024.jpg\" alt=\"\" class=\"wp-image-746\" width=\"393\" height=\"589\" srcset=\"https:\/\/nathalieroche-comedienne.com\/wp-content\/uploads\/2022\/10\/Nathalie_R_2022-145-683x1024.jpg 683w, https:\/\/nathalieroche-comedienne.com\/wp-content\/uploads\/2022\/10\/Nathalie_R_2022-145-200x300.jpg 200w, https:\/\/nathalieroche-comedienne.com\/wp-content\/uploads\/2022\/10\/Nathalie_R_2022-145-768x1152.jpg 768w, https:\/\/nathalieroche-comedienne.com\/wp-content\/uploads\/2022\/10\/Nathalie_R_2022-145-1024x1536.jpg 1024w, https:\/\/nathalieroche-comedienne.com\/wp-content\/uploads\/2022\/10\/Nathalie_R_2022-145-40x60.jpg 40w, https:\/\/nathalieroche-comedienne.com\/wp-content\/uploads\/2022\/10\/Nathalie_R_2022-145.jpg 1280w\" sizes=\"auto, (max-width: 393px) 100vw, 393px\" \/><\/figure>\n\n\n\n<figure class=\"wp-block-image size-large is-resized\"><img loading=\"lazy\" decoding=\"async\" src=\"http:\/\/nathalieroche-comedienne.com\/wp-content\/uploads\/2022\/10\/20220922_144536-661x1024.jpg\" alt=\"\" class=\"wp-image-852\" width=\"391\" height=\"605\" srcset=\"https:\/\/nathalieroche-comedienne.com\/wp-content\/uploads\/2022\/10\/20220922_144536-661x1024.jpg 661w, https:\/\/nathalieroche-comedienne.com\/wp-content\/uploads\/2022\/10\/20220922_144536-194x300.jpg 194w, https:\/\/nathalieroche-comedienne.com\/wp-content\/uploads\/2022\/10\/20220922_144536-768x1190.jpg 768w, https:\/\/nathalieroche-comedienne.com\/wp-content\/uploads\/2022\/10\/20220922_144536-992x1536.jpg 992w, https:\/\/nathalieroche-comedienne.com\/wp-content\/uploads\/2022\/10\/20220922_144536-1322x2048.jpg 1322w, https:\/\/nathalieroche-comedienne.com\/wp-content\/uploads\/2022\/10\/20220922_144536-39x60.jpg 39w, https:\/\/nathalieroche-comedienne.com\/wp-content\/uploads\/2022\/10\/20220922_144536.jpg 1468w\" sizes=\"auto, (max-width: 391px) 100vw, 391px\" \/><\/figure>\n<\/div>\n<\/div>\n\n\n\n<p><\/p>\n","protected":false},"excerpt":{"rendered":"<p>Passionn\u00e9e par la voix, les arts audiovisuels et du spectacle, j\u2019aime faire des ponts entre les diff\u00e9rentes \u00ab&nbsp;disciplines&nbsp;\u00bb&nbsp;: com\u00e9dienne, voix off, chanteuse, coach, auteure\u2026 J\u2019aime utiliser et pr\u00eater ma voix \u00e0 divers projets, interpr\u00e9ter, transmettre. Ceci s\u2019explique surement par le fait que je sois EEPS, Enfant Entendante n\u00e9e de Parents Sourds, ou plus commun\u00e9ment, je &hellip; <\/p>\n","protected":false},"author":1,"featured_media":0,"parent":0,"menu_order":0,"comment_status":"closed","ping_status":"closed","template":"","meta":{"footnotes":""},"class_list":["post-831","page","type-page","status-publish","hentry"],"_links":{"self":[{"href":"https:\/\/nathalieroche-comedienne.com\/index.php\/wp-json\/wp\/v2\/pages\/831","targetHints":{"allow":["GET"]}}],"collection":[{"href":"https:\/\/nathalieroche-comedienne.com\/index.php\/wp-json\/wp\/v2\/pages"}],"about":[{"href":"https:\/\/nathalieroche-comedienne.com\/index.php\/wp-json\/wp\/v2\/types\/page"}],"author":[{"embeddable":true,"href":"https:\/\/nathalieroche-comedienne.com\/index.php\/wp-json\/wp\/v2\/users\/1"}],"replies":[{"embeddable":true,"href":"https:\/\/nathalieroche-comedienne.com\/index.php\/wp-json\/wp\/v2\/comments?post=831"}],"version-history":[{"count":9,"href":"https:\/\/nathalieroche-comedienne.com\/index.php\/wp-json\/wp\/v2\/pages\/831\/revisions"}],"predecessor-version":[{"id":994,"href":"https:\/\/nathalieroche-comedienne.com\/index.php\/wp-json\/wp\/v2\/pages\/831\/revisions\/994"}],"wp:attachment":[{"href":"https:\/\/nathalieroche-comedienne.com\/index.php\/wp-json\/wp\/v2\/media?parent=831"}],"curies":[{"name":"wp","href":"https:\/\/api.w.org\/{rel}","templated":true}]}}